
2, 17
Suppose j + 2*k = 2*j + 213, 2*k + 402 = -2*j. Let a = 321 + j. List the prime factors of a.
2, 29
Suppose 0 = 11*y - 53806 + 13711. What are the prime factors of y?
3, 5
Let p(t) = t**3 + 4 - t**2 - 3 + 5*t**2. Let c be p(-4). What are the prime factors of ((-35)/(-3))/(c/3)?
5, 7
Let m(a) = -a**3 + 9*a**2 - 14*a - 11. Let p be m(7). Let k = p + 41. List the prime factors of k.
2, 3, 5
Let u(n) = -4*n**3 - n**2 - 21*n - 31. List the prime factors of u(-6).
13, 71
Let s(i) = 4*i**3 + 8*i**2 - 2*i - 13. Let k(x) = -3*x**3 - 8*x**2 + 2*x + 12. Let n(q) = 5*k(q) + 4*s(q). Let z = 58 - 50. List the prime factors of n(z).
2, 3
Suppose 0 = -f + 3*f. Suppose f*l - 2*l = 24. Let d = -3 - l. What are the prime factors of d?
3
Let x(f) = 5*f - 6. Suppose 3*h - 18 = -3*u, 2*u = 2*h - 5*h + 14. What are the prime factors of x(u)?
2, 7
Suppose 4*w - 44 = -3*v, -15 = -4*w + 5*v - 3. Suppose 4*f + 0 = w. List the prime factors of f/(-10) - (-61)/5.
2, 3
Let a(r) = -3*r + 13 + 0*r - r. Suppose -5*z + 230 = 265. List the prime factors of a(z).
41
Let l = 99 - 94. Suppose -l*r + 116 + 694 = 0. What are the prime factors of r?
2, 3
Let d(z) = z**3 + 7*z**2 + z + 8. Suppose 32 = -4*j - 4*i, 4*j - i = j - 16. Let c be d(j). Let q = -21 + c. List the prime factors of q.
17
What are the prime factors of (-4)/(-10) - (-94458)/130?
727
Suppose 0 = x - 12 + 8, 2*x = 2*t - 1048. What are the prime factors of t?
2, 3, 11
Suppose 0 = -5*v + 4*m + 2348, -5*m - 1298 = -5*v + 1052. Suppose 17*c + v = 20*c. What are the prime factors of c?
2, 3, 13
Suppose b + 0*b - 968 = -5*o, -5*o = -5*b - 950. Suppose -32 = f - o. List the prime factors of f.
7, 23
Let k(t) = -2*t**2 - 28*t + 7. Let p be k(-15). Let m = 151 + p. What are the prime factors of m?
2
Let f(y) = y + 2. Let k be (1 + -2)/(1/2). Let w be f(k). Suppose w = 5*l - 117 - 173. What are the prime factors of l?
2, 29
Let l be (-114)/(-21) - (-3)/(-7). Suppose 3*h - h - l*t = 3, 5*h + 5*t = 25. Suppose -h + 26 = 2*y. List the prime factors of y.
11
Suppose 0 = l - 4, -2*l + 434 - 2686 = -2*x. List the prime factors of x.
2, 5, 113
Let c(f) = -4 - 2 - 3*f - 1 + 3. List the prime factors of c(-5).
11
Let y(f) = 4*f + 2. Let r = 7 + -10. Let k be y(r). What are the prime factors of (-104)/10*k/4?
2, 13
Suppose -162 + 1774 = a. Suppose -a = 9*v - 22*v. What are the prime factors of v?
2, 31
Let a(h) = -h**2 - 9*h - 4. Let i be a(-8). Suppose -4*q - 244 = -g + 2*g, -i*q = 3*g + 252. Let x = q - -88. What are the prime factors of x?
2, 7
Suppose 2819 - 13180 = -13*d. List the prime factors of d.
797
Suppose -25*z + 47*z = 13112. What are the prime factors of z?
2, 149
Let o(h) = -h - 5 + 9*h**2 - h**2 + 9. Let r be o(-4). Let v = -80 + r. What are the prime factors of v?
2, 7
Suppose 1448 = 4*y - 300. What are the prime factors of y?
19, 23
Let d(s) = -41*s**2 + 5*s - 5. Let n be d(2). Let r = n - -287. List the prime factors of r.
2
Let n be 2 + ((-1)/2)/(1/(-2)). Suppose -69 = -n*c + 138. What are the prime factors of c?
3, 23
Suppose 4*i - 10081 = 2*i + 5*r, 0 = 4*r - 20. List the prime factors of i.
31, 163
What are the prime factors of (-2409)/(-6) - (-154)/(-44)?
2, 199
Suppose -3*x + 5*l = 30 + 1912, -1924 = 3*x + 4*l. List the prime factors of 0 + 0 + x/(-7).
2, 23
Let q(l) = 18*l + 24. What are the prime factors of q(22)?
2, 3, 5, 7
Let l be (-77)/(-11) - (1 + -2 - -3). Suppose -t = -3*s - 6, 3*s + s = -l*t + 11. List the prime factors of t.
3
Suppose f - 3 + 6 = 0. Let o be (-1 - -1)/(-2) - f. What are the prime factors of 22/2 - (o + 0)?
2
Let c(g) = -6*g**2 - 265*g - 18. List the prime factors of c(-38).
2, 347
Let d = -5750 + 8576. What are the prime factors of d?
2, 3, 157
Let n(p) = 150*p**2 + 4*p + 7. List the prime factors of n(4).
2423
Let k = -2936 - -5261. List the prime factors of k.
3, 5, 31
Let f(n) = -234*n - 44. List the prime factors of f(-3).
2, 7, 47
Suppose -14*k = -25*k + 9504. List the prime factors of k.
2, 3
Let c = -11 - -18. Let d(a) = -a**2 + 9*a - 11. Let q be d(c). Suppose -2*t + 72 - 16 = -5*m, -m = q*t - 50. List the prime factors of t.
2, 3
Let c(o) = 1 + 0 - 31*o - 11 - 3. What are the prime factors of c(-6)?
173
Suppose -29856 = -27*k + 3*k. What are the prime factors of k?
2, 311
Let c(w) = -w**2 + 6*w - 8. Let r be c(4). Let h(n) = 83*n + 2. Let d be h(2). Suppose k + 3*k - d = r. List the prime factors of k.
2, 3, 7
Suppose 321 = -4*g - 3*t, 3*g + 2*t - 7*t + 219 = 0. Let j = -27 - g. What are the prime factors of j?
3, 17
Let h be (25/10)/(4/8). Suppose 3*m - z = 503, 0 = -2*m - 0*m - h*z + 341. List the prime factors of m.
2, 3, 7
Let i(s) = 35*s + 145. List the prime factors of i(4).
3, 5, 19
Let q(z) = -z**3 + 5. Let x be q(0). Suppose 6*c - 5*r - x = c, -4*r + 8 = 2*c. Suppose -3*p - 4*f = -161, p - c*p + f = -49. What are the prime factors of p?
3, 17
Suppose -5*m - 2*b + 14 = -3, -8 = 2*b. Suppose m*k + 3*z = -28 + 220, 3*k = 2*z + 100. List the prime factors of k.
2, 3
Let f(s) = 4*s + 7. Let w(q) = -q**2 + 11*q - 10. Let k be w(8). Suppose -5*x + 9 + k = 4*a, x = -2*a + 1. List the prime factors of f(x).
5, 7
Let f = 11 + 7. Let t = f + -12. Suppose -30 = -3*l + t. What are the prime factors of l?
2, 3
Let n(o) = -o - 2*o + 1 + 4*o**2 + o + 4*o. Let v be n(-1). Suppose -v*d = -20 - 19. List the prime factors of d.
13
Suppose 2*s - 3*s = 0. Suppose 15 = 9*c - 6*c. Suppose s = -c*p + 3*r - 8*r + 80, r = -4. What are the prime factors of p?
2, 5
Suppose 0 = -60*g + 103*g - 130505. What are the prime factors of g?
5, 607
Suppose 2*r + 27 = 5*y + 7, -3*r + y - 4 = 0. Suppose 4*m - 374 = -r*i - 5*i, 0 = i - 4*m - 94. List the prime factors of i.
2, 3, 13
Suppose 0*q + 3*c = 5*q - 26, -8 = -q + 2*c. Suppose i + 2*x = 13 - 1, -5*i + 32 = -q*x. Suppose 76 = i*j - 4*j. What are the prime factors of j?
19
Let i be 0/(-1) - (1 - 1). Suppose -3*p - 3*k = -30, -p + 3*p + 3*k - 23 = 0. List the prime factors of i + -2 + 42/p.
2
Let m(x) = 18*x + 37. Let v be m(-12). Let w = v + 298. List the prime factors of w.
7, 17
Let h be -2 + 1 + 13/((-39)/6). List the prime factors of 0 + h - (-63 - (-4)/4).
59
Let w = 35 + -15. Suppose 2*u = 5*v + u + w, -4*v - 16 = -4*u. List the prime factors of 9/(18/20) - v.
2, 7
Suppose -4*g = 5*i - 3223, -11*g + 9*g - 3211 = -5*i. List the prime factors of i.
643
What are the prime factors of -2 + 2 + (-18)/(-3) + -4?
2
Let o(s) = 2*s**2 + 3*s + 2. Let n be o(-8). Suppose 4*l - n = 14. List the prime factors of l.
2, 3, 5
Let i be (-47)/(1/27*-3). Suppose -2*d + i = -169. List the prime factors of d.
2, 37
Let s(x) = x**2 + x + 10. Suppose 5*i - n + 5 = -0*i, 5*i = -3*n + 15. List the prime factors of s(i).
2, 5
Let x(l) be the first derivative of l**3/3 - 5*l**2/2 - 4*l - 11. List the prime factors of x(6).
2
Let x be 43 - (2 + -1 - 2). Let r = 3 + -1. Suppose 4*l = 3*t + x, -r*t = -7*t - 20. List the prime factors of l.
2
What are the prime factors of (-6)/(-5)*(54915/(-6))/(-7)?
3, 523
Let m(s) be the second derivative of 2*s**3/3 + 27*s. What are the prime factors of m(9)?
2, 3
Suppose 0 = -8*f + 3*f + 10. Suppose 8*z - 630 = f*z. What are the prime factors of z?
3, 5, 7
Let u be (-2)/(1 + (-14)/12). Let h(p) = 3*p + 9. What are the prime factors of h(u)?
3, 5
Suppose -79*t + 75*t = 1516. Let x = t - -655. List the prime factors of x.
2, 3, 23
Suppose 16*i - 11*i - 645 = 0. Let f = -79 + i. What are the prime factors of f?
2, 5
Suppose -4*t + 2*n + 3*n = -85, t - 24 = 4*n. Let v = 36 - t. Suppose 3*i + 2*j + 1 = 0, -i - v = 2*i + 5*j. What are the prime factors of i?
3
Let x = 37 + -84. What are the prime factors of (1 - (0 + -1))/((-2)/x)?
47
What are the prime factors of -58*(5 - 75/10)?
5, 29
Let v = 10 + -41. Let t be -1 + (-1)/(1/v). Let a = t + 0. List the prime factors of a.
2, 3, 5
Let s(d) be the second derivative of -d**3/3 - 10*d**2 - 2*d. Let z be s(-10). Suppose 3*m + 4*b = 148, -2*m + 96 = -z*m + 2*b. List the prime factors of m.
2, 11
Suppose -2*n + 953 = -5*b + 246, 4*n + 5*b = 1399. List the prime factors of n.
3, 13
Let g(x) = -21*x - 8. List the prime factors of g(-5).
97
Let a = 14 - 14. Suppose 2*n - 3*p = -43, 0 = 3*p - a*p - 15. Let q = n - -40. What are the prime factors of q?
2, 13
Let c = 22 + -10. Suppose -n = 4*g -